ose -2*a = -4*h + 80, -167 + y = -5*h - 4*a. What is the greatest common divisor of h and 2?
2
Let v(r) = 38*r + 1093. Let p be v(-25). What is the highest common factor of p and 455?
13
Suppose -8*f + 6*f + 252 = 0. What is the greatest common factor of f and 70?
14
Suppose 4*q - 60 = -2*a + 7*a, -4 = a. Let f(h) = -9*h + 11. Let m be f(-11). What is the greatest common divisor of m and q?
10
Let u be (-2620)/(-145) - 10/145. Let p = 6 + -2. Suppose p*h + 9 = 4*a - 55, 0 = -4*a + 5*h + 68. Calculate the greatest common divisor of u and a.
6
Let z be 44 + 1 + -2 + 1. Let n(i) = i**3 - 5*i**2 - 23*i + 85. Let g be n(7). Calculate the highest common factor of z and g.
22
Suppose -36*l + 4*r + 60 = -34*l, 3*l + 4*r = 50. Calculate the greatest common divisor of 352 and l.
22
Let m(i) = -i**3 - 9*i**2 - 3*i - 12. Let a = -15 + -2. Let w be 37/(-4) - a/68. Let g be m(w). Calculate the highest common factor of g and 3.
3
Suppose u - 66 = -2*u. Let g be (121/(-3))/(39/(-117)). What is the greatest common factor of u and g?
11
Let l = -75 - -78. Suppose q = 4*y - 10, 18 = y + l*y - 5*q. Calculate the highest common factor of 18 and y.
2
Let n be 11045/25 + 28/(-10) + 2. Calculate the highest common factor of 21 and n.
21
Let t = 7 - 4. Let x be (2 - -2)/((-2)/(-3)). Suppose -48 = -x*b + t*b. What is the greatest common factor of b and 128?
16
Let s(g) = 1 + 0 + 1 + 2*g. Let h be s(3). Let d(p) = -80*p - 336. Let o be d(-5). What is the highest common factor of h and o?
8
Let y be 6/(-15) + 16/(-10). Let b be (0 + 3 + (y - -4))*1. What is the highest common factor of 15 and b?
5
Suppose 507 = 2*y + a, 7*y - a = 5*y + 513. What is the greatest common divisor of 680 and y?
85
Let c be ((-10)/3)/((-1)/3). Suppose 0 = -5*n + 3*n + 4*l + 28, 3*l = 2*n - 26. Suppose 8*v - n = 7*v. What is the greatest common factor of c and v?
10
Suppose z = 2*o - 10 - 117, -2*z = 5*o - 304. Suppose -o = 3*p - 182. What is the highest common factor of 4 and p?
4
Suppose 5*o = 2*r + 190, -2*r = -4*o + 96 + 58. What is the highest common factor of 324 and o?
36
Suppose 53*k - 6*k = 13489. Calculate the highest common divisor of k and 7.
7
Suppose -5*s = -6*t + t - 35, -5*s + 15 = 0. Let i(c) = -5 + 3 + 3*c**2 - 2*c**2. Let a be i(t). Calculate the greatest common divisor of 56 and a.
14
Let a(q) = 60*q**2 + 31*q + 12. Let z be a(-3). Calculate the highest common divisor of 216 and z.
27
Suppose 22*u - 1024 = 1946. Suppose 0 = -4*p - 31 + 139. What is the greatest common factor of p and u?
27
Let x be (-15)/5 - (-1 - 135). Let k = x - 83. Calculate the highest common factor of k and 10.
10
Suppose c - 1480 = -5*i - 0*c, i - 302 = c. Let n be (-300)/(-70)*7 + 12/4. What is the highest common divisor of n and i?
33
Let t(f) = f**2 - 3*f + 3. Let l be t(0). Suppose -l*j + 80 - 11 = 0. What is the greatest common divisor of j and 23?
23
Suppose -5*p + 4 + 6 = 0. Suppose 0 = -h + 3*o + 125, -p*o = h + 60 - 210. Calculate the greatest common factor of 40 and h.
20
Let i be ((-24)/(-2))/((-2)/(-3)). Let g be 27/i + 7/2. Let m be -3 + 53/(1 - 0). What is the highest common factor of m and g?
5
Let i = -22 - -24. Suppose -q = -9 + i. Let h be 3/(9/6) + 12. Calculate the highest common factor of h and q.
7
Let f = -1614 - -1616. Calculate the highest common divisor of 82 and f.
2
Let c = -25 + 12. Let q be 0 - (-3)/((-3)/c). What is the greatest common factor of 104 and q?
13
Let q be 14/4 - (-1)/(-2). Let i be (0 - 30*1)*(-56)/21. Suppose q*v - i = 5*a + 199, -398 = -4*v - 2*a. Calculate the greatest common divisor of v and 14.
14
Let n(m) = m**2 + 6*m - 2. Let q be n(-8). Let c = q - 10. What is the highest common factor of c and 28?
4
Let n = 2206 - 1191. Calculate the greatest common factor of n and 35.
35
Let z be (-1 - -1)/((-4)/(16/(-4))). Suppose z = -2*y + i + 56, -i - 2 = -0*i. What is the highest common divisor of 3 and y?
3
Suppose -w + 71 = 3*x - 3*w, 3*x - 86 = -w. Suppose -38 = -5*p + x. What is the highest common divisor of p and 13?
13
Let p(i) = 30*i - 56. Let j be p(3). What is the greatest common divisor of 697 and j?
17
Let b = 301 - 259. What is the highest common divisor of b and 105?
21
Suppose -8*f + 3*f - 4*c - 19 = 0, 4 = c. Suppose -3*u + 4*u - 25 = -x, -2*u = -x - 44. Let z = u + f. Calculate the greatest common divisor of 4 and z.
4
Suppose -10*s + 38 - 8 = 0. What is the highest common divisor of 63 and s?
3
Let l = -16 - -16. Suppose -g + l = -5*v + 34, -3*g = -3. Let i = 78 - 43. What is the highest common divisor of i and v?
7
Let n(g) = 11*g - 6. Let q be n(6). Let m be 2/12 + 119/6 - 0. Suppose 4*s = 76 + m. Calculate the greatest common divisor of q and s.
12
Suppose 0 = -5*x - 3*k + 45, 0 = 9*k - 8*k. Let n = -55 + 118. Calculate the greatest common factor of x and n.
9
Let c be 4/(-2 - (-10)/4). Suppose -3*a + 5 = -4. Suppose 2*q = 2*r - 56, 51 = 2*r - a*q - 9. What is the highest common factor of c and r?
8
Let n be 52 + (-4 - 28/(-7)). What is the greatest common divisor of 130 and n?
26
Suppose 27 = 14*f - 29. What is the greatest common factor of f and 12?
4
Suppose 3*c - 12 = -c. Suppose -5*y - 3 + 23 = 0. Suppose -y*l + 23 = -c*f, -f = -2*f + 3. Calculate the greatest common factor of l and 8.
8
Suppose -299 = -6*i + 253. Suppose 5*u - i = 183. What is the greatest common factor of 5 and u?
5
Suppose -2*p - 2*x = -216, 30 + 183 = 2*p + x. Suppose 2*g = 24 + 6. Calculate the highest common factor of g and p.
15
Suppose -2083 + 235 = -4*b. Calculate the greatest common divisor of b and 132.
66
Suppose 5*c - 210 = 5*z, -2*z - 160 = 4*c - 8*c. Calculate the highest common factor of 2 and c.
2
Let j = 62 - 4. What is the highest common divisor of 638 and j?
58
Let w = -1686 + 1821. Let b = 50 - 35. Calculate the greatest common divisor of w and b.
15
Suppose -17 + 2 = -3*i. Suppose -4 = -4*y + i*n + 19, -5*y = -2*n - 16. Suppose y*c - 70 = -0*c. What is the highest common divisor of 5 and c?
5
Suppose g + m = 197, 5*g = -m + 272 + 733. Suppose 5*l = -2*r + g, 3*l + 3*r - 138 = 6*r. What is the highest common factor of 70 and l?
14
Suppose -m + 2*m - 2*x - 114 = 0, 2*m + 5*x - 201 = 0. Suppose -y = 5*w + m, -w - 30 = 2*y - 3. Let h = -19 - w. What is the greatest common factor of h and 10?
2
Let c be (12/18)/(8/(-60)). Let z be (-2)/((30/99)/c). Calculate the highest common divisor of 297 and z.
33
Let q(c) = -70*c - 17. Let i be q(-1). Calculate the highest common divisor of 848 and i.
53
Suppose -5*o + 4*k + 28 = 0, 0*k + 10 = 3*o + k. Let h be o*-1 + 8 + 11. Calculate the greatest common factor of h and 6.
3
Suppose 0*r - 36 = -4*r - 5*m, m = -4. Let t = r - -1. Let o = -84 + 129. Calculate the greatest common divisor of o and t.
15
Suppose -g + 117 = 2*g. Let n be (-36)/(-234) + (-193)/(-13) + -2. Calculate the highest common divisor of g and n.
13
Let w be (-96 + 95)/(2/(-376)). What is the greatest common factor of 47 and w?
47
Let v = 75 + -49. Let u = 5 + 73. Calculate the greatest common factor of v and u.
26
Suppose -5*z = 25, -j + 0*z + 106 = -2*z. Let p be 5/(-2 + 5 + -2). Let c be ((-12)/p)/(3/(-15)). Calculate the greatest common divisor of j and c.
12
Let t(q) = -10*q**3 - 2*q**2 - 3*q. Let f be t(-3). Suppose 0 = j - 2*j - f. Let s be ((-2)/(-3))/((-2)/j). What is the highest common divisor of 29 and s?
29
Let h = 35 - 29. Suppose -5*u = -2*b - b - h, -3*u = -3*b. Let l = 28 + -7. What is the greatest common divisor of l and u?
3
Let g be 6/((6/(-40))/(-1)). Suppose -1165 = -9*c - 1021. Calculate the greatest common divisor of g and c.
8
Let h be (-3)/(((-36)/16 - -3)*-2). Let a be -8*h*5/(-20). What is the highest common factor of 12 and a?
4
Let y(u) = 13*u**3 - u**2 + u - 1. Let i be y(1). Let n be (-18)/(15/6 + 18/(-6)). What is the highest common factor of i and n?
12
Let m(b) = b + 14. Let j = -5 - -3. Let y(r) = -r**3 + r**2 - r. Let g be y(j). Let d be m(g). Calculate the highest common factor of 4 and d.
4
Let g be (-26)/(-3)*(-1 - -7). Let j = -2213 - -2629. Calculate the highest common factor of j and g.
52
Let r be (-4 + 10)*2238/36 - 1. What is the highest common divisor of 12 and r?
12
Let a = -515 + 1025. Calculate the highest common divisor of a and 51.
51
Suppose 5*p = -25, -p - 2544 = -5*d + 761. What is the hi